 divided by 226?
176
What is the remainder when 1797 is divided by 15?
12
What is the remainder when 113 is divided by 19?
18
Calculate the remainder when 17597 is divided by 200.
197
Calculate the remainder when 1393 is divided by 54.
43
What is the remainder when 147 is divided by 25?
22
Calculate the remainder when 52 is divided by 43.
9
What is the remainder when 168 is divided by 19?
16
What is the remainder when 219 is divided by 45?
39
Calculate the remainder when 2687 is divided by 1334.
19
Calculate the remainder when 418 is divided by 9.
4
Calculate the remainder when 3078 is divided by 58.
4
What is the remainder when 154 is divided by 8?
2
Calculate the remainder when 36 is divided by 2.
0
What is the remainder when 671 is divided by 56?
55
What is the remainder when 3728 is divided by 91?
88
Calculate the remainder when 160 is divided by 116.
44
Calculate the remainder when 96 is divided by 56.
40
What is the remainder when 671 is divided by 14?
13
What is the remainder when 688 is divided by 108?
40
Calculate the remainder when 173 is divided by 10.
3
What is the remainder when 1378 is divided by 370?
268
Calculate the remainder when 556 is divided by 542.
14
What is the remainder when 27 is divided by 23?
4
What is the remainder when 233 is divided by 34?
29
What is the remainder when 3883 is divided by 185?
183
What is the remainder when 126 is divided by 26?
22
Calculate the remainder when 354 is divided by 16.
2
What is the remainder when 327 is divided by 316?
11
What is the remainder when 89 is divided by 18?
17
What is the remainder when 15 is divided by 6?
3
Calculate the remainder when 6742 is divided by 150.
142
What is the remainder when 711 is divided by 51?
48
Calculate the remainder when 105 is divided by 22.
17
What is the remainder when 19 is divided by 4?
3
What is the remainder when 2000 is divided by 499?
4
What is the remainder when 6496 is divided by 58?
0
Calculate the remainder when 1238 is divided by 20.
18
Calculate the remainder when 78 is divided by 35.
8
What is the remainder when 380 is divided by 2?
0
What is the remainder when 277 is divided by 24?
13
Calculate the remainder when 779 is divided by 25.
4
Calculate the remainder when 138 is divided by 49.
40
Calculate the remainder when 332 is divided by 153.
26
Calculate the remainder when 28272 is divided by 134.
132
What is the remainder when 12168 is divided by 179?
175
What is the remainder when 433 is divided by 89?
77
What is the remainder when 167 is divided by 14?
13
Calculate the remainder when 24955 is divided by 208.
203
What is the remainder when 2446 is divided by 2?
0
Calculate the remainder when 288 is divided by 189.
99
Calculate the remainder when 720 is divided by 356.
8
What is the remainder when 794 is divided by 21?
17
What is the remainder when 38 is divided by 7?
3
What is the remainder when 140 is divided by 85?
55
Calculate the remainder when 179 is divided by 104.
75
What is the remainder when 699 is divided by 39?
36
Calculate the remainder when 473 is divided by 158.
157
What is the remainder when 317 is divided by 152?
13
What is the remainder when 262 is divided by 259?
3
Calculate the remainder when 154 is divided by 85.
69
Calculate the remainder when 12541 is divided by 56.
53
What is the remainder when 145 is divided by 21?
19
What is the remainder when 237 is divided by 112?
13
What is the remainder when 106 is divided by 36?
34
Calculate the remainder when 1198 is divided by 207.
163
Calculate the remainder when 1083 is divided by 37.
10
What is the remainder when 71 is divided by 12?
11
Calculate the remainder when 191 is divided by 96.
95
Calculate the remainder when 1027 is divided by 178.
137
What is the remainder when 285 is divided by 34?
13
What is the remainder when 296 is divided by 15?
11
Calculate the remainder when 2309 is divided by 329.
6
Calculate the remainder when 316 is divided by 101.
13
Calculate the remainder when 552 is divided by 80.
72
What is the remainder when 1114 is divided by 12?
10
What is the remainder when 1663 is divided by 452?
307
Calculate the remainder when 361 is divided by 14.
11
Calculate the remainder when 2596 is divided by 217.
209
Calculate the remainder when 511 is divided by 30.
1
What is the remainder when 671 is divided by 48?
47
What is the remainder when 324 is divided by 25?
24
What is the remainder when 623 is divided by 12?
11
Calculate the remainder when 9395 is divided by 27.
26
What is the remainder when 2441 is divided by 66?
65
Calculate the remainder when 955 is divided by 43.
9
Calculate the remainder when 1194 is divided by 25.
19
What is the remainder when 207 is divided by 63?
18
Calculate the remainder when 46626 is divided by 27.
24
What is the remainder when 1687 is divided by 447?
346
Calculate the remainder when 552 is divided by 62.
56
Calculate the remainder when 787 is divided by 242.
61
Calculate the remainder when 393 is divided by 21.
15
Calculate the remainder when 493 is divided by 72.
61
What is the remainder when 540 is divided by 42?
36
What is the remainder when 4856 is divided by 135?
131
What is the remainder when 238 is divided by 121?
117
Calculate the remainder when 3380 is divided by 24.
20
What is the remainder when 222 is divided by 63?
33
What is the remainder when 318 is divided by 34?
12
What is the remainder when 1137 is divided by 192?
177
What is the remainder when 384 is divided by 38?
4
Calculate the remainder when 889 is divided by 74.
1
Calculate the remainder when 129 is divided by 26.
25
What is the remainder when 2173 is divided by 15?
13
What is the remainder when 96 is divided by 59?
37
What is the remainder when 695 is divided by 8?
7
What is the remainder when 106 is divided by 47?
12
Calculate the remainder when 436 is divided by 217.
2
What is the remainder when 488 is divided by 187?
114
What is the remainder when 946 is divided by 79?
77
Calculate the remainder when 873 is divided by 159.
78
What is the remainder when 48 is divided by 20?
8
Calculate the remainder when 20922 is divided by 49.
48
What is the remainder when 4797 is divided by 60?
57
What is the remainder when 108 is divided by 30?
18
Calculate the remainder when 3668 is divided by 17.
13
What is the remainder when 308 is divided by 39?
35
What is the remainder when 5262 is divided by 39?
36
Calculate the remainder when 396 is divided by 96.
12
Calculate the remainder when 415 is divided by 16.
15
Calculate the remainder when 414 is divided by 19.
15
Calculate the remainder when 206 is divided by 92.
22
Calculate the remainder when 29 is divided by 15.
14
Calculate the remainder when 74 is divided by 30.
14
Calculate the remainder when 3825 is divided by 32.
17
What is the remainder when 1451 is divided by 104?
99
What is the remainder when 545 is divided by 194?
157
Calculate the remainder when 37 is divided by 14.
9
What is the remainder when 610 is divided by 192?
34
What is the remainder when 59 is divided by 58?
1
What is the remainder when 241 is divided by 35?
31
Calculate the remainder when 1511 is divided by 24.
23
Calculate the remainder when 605 is divided by 29.
25
Calculate the remainder when 55 is divided by 7.
6
Calculate the remainder when 129 is divided by 90.
39
What is the remainder when 16 is divided by 1?
0
What is the remainder when 124 is divided by 117?
7
What is the remainder when 182 is divided by 46?
44
What is the remainder when 175 is divided by 49?
28
What is the remainder when 626 is divided by 42?
38
What is the remainder when 190 is divided by 67?
56
Calculate the remainder when 391 is divided by 71.
36
What is the remainder when 3204 is divided by 37?
22
What is the remainder when 104 is divided by 26?
0
What is the remainder when 2312 is divided by 89?
87
Calculate the remainder when 1002 is divided by 15.
12
Calculate the remainder when 107 is divided by 23.
15
What is the remainder when 131 is divided by 39?
14
What is the remainder when 1205 is divided by 22?
17
Calculate the remainder when 10455 is divided by 21.
18
What is the remainder when 1435 is divided by 15?
10
What is the remainder when 328 is divided by 55?
53
Calculate the remainder when 1745 is divided by 92.
89
Calculate the remainder when